) a composite number?
False
Let z be 8/(-36) - 325/(-45). Suppose 0 = z*b + 2*b - 495. Is b prime?
False
Let p = -13540 + 20661. Is p prime?
True
Let x be (-1 - 1/(-5))/(10/(-25)). Is x + 10/(28/13 - 2) a prime number?
True
Is 106205/35 + (-28)/(-49) a prime number?
False
Suppose -8*g - 1078 = -26486. Suppose 0 = -15*t + 7*t + g. Is t a composite number?
False
Let u(k) = 6*k - 5. Let p = 17 - 5. Let o(n) = -n**2 + 14*n - 18. Let d be o(p). Is u(d) composite?
False
Suppose -5*h = 5*q + 16250, 0 = -3*q - 2*q + 4*h - 16241. Let u = q + 4648. Is u a composite number?
False
Let s(l) = 2*l**2 - 4*l**2 + l**3 + 18 - 25 + 2*l - 7*l**2. Is s(10) composite?
False
Suppose 0 = y + 3 - 7. Let m be 2/(-4)*-1*y. Is m/(-3)*195/(-2) a composite number?
True
Let u be 7 - 2 - 0/(-3). Suppose -u*s = 266 + 144. Let o = s + 116. Is o a prime number?
False
Let i(x) be the third derivative of 3/2*x**3 - 7*x**2 + 1/60*x**5 - 1/8*x**4 + 0 + 0*x. Is i(-4) prime?
True
Let k = -5627 + 10024. Is k composite?
False
Let u = 4367 + 7544. Is u a prime number?
False
Suppose 4*t + 119 - 75 = 0. Let j(i) = -54*i - 7. Is j(t) a composite number?
False
Let r(f) = f**3 + f**2 + 40. Let y be r(0). Suppose y*i - 39*i = 203. Is i composite?
True
Let v(f) = -138*f**2 - 6*f + 1. Let u(r) = -r - 4. Let o be u(-8). Let i(d) = -139*d**2 - 5*d + 1. Let l(n) = o*v(n) - 5*i(n). Is l(1) a composite number?
True
Is 30/(-8)*(-12048)/60 a composite number?
True
Let d = 1714 + -947. Let x = -500 + d. Is x a composite number?
True
Let l = 1053 + -1692. Let r = 978 + l. Is 12/18*r/2 prime?
True
Suppose 3*l + 7*l = 1760. Let p = -102 - -39. Let b = p + l. Is b a composite number?
False
Let z(o) = o**2 + 12*o + 16. Let f be z(-11). Is -652*f/(-10) - 3 a prime number?
False
Let v(p) = 73*p**3 - 5*p**2 - 53*p + 388. Is v(7) a composite number?
True
Let w(n) = 24*n**2 + 3*n. Let j be w(3). Suppose 2*o + 3*t - 949 = 0, -o + 712 = -t + j. Is o prime?
False
Let z be ((-7)/(-21))/((-1)/(-9)). Suppose l + z*l - 736 = 0. Let i = 229 + l. Is i prime?
False
Suppose -6*l + 3*s = -11*l + 12490, 5*l - 12500 = -s. Is l a prime number?
False
Is (16/32)/(2/165332) prime?
True
Suppose 7*l + 576 = 9*l - 2*f, 3*f = -3. Is l a composite number?
True
Suppose -2*m = w + 9752 - 27553, 2*m - 17811 = w. Is m composite?
True
Suppose 0 = -773*q + 767*q + 6522. Is q a composite number?
False
Let n = 175 + 1333. Let h = n + -991. Is h a prime number?
False
Suppose -5*r - 192189 = -3*h, 14*h - 11*h + 3*r - 192189 = 0. Is h prime?
True
Suppose -2*d - 311 = -5*c, 5*d - 136 = -0*c - 2*c. Let p = c + -44. Is p prime?
True
Let a be ((-5458)/6)/((-6)/18). Let i(d) = d**2 - 7*d + 4. Let g be i(7). Suppose -2*c = -6*c - g, -5*b = -4*c - a. Is b composite?
True
Suppose 13773 = -16*u + 19*u. Is u composite?
False
Let r(b) be the second derivative of 97*b**4/12 - 7*b**3/6 - 45*b**2/2 - b - 21. Is r(-6) a composite number?
True
Let g(y) = 225*y + 274. Is g(27) a composite number?
True
Let y be (-22 + (4 - 2))*1. Is (4/5)/(y/(-46450)) a composite number?
True
Let x = 8710 + -4743. Is x prime?
True
Is 6 + (0 + 2 - -4963) a composite number?
True
Suppose 0 = 5*u + 3*o - 14, -2*u = o - 0*o - 6. Is (11503/(-12) - u/(-12))*-4 prime?
True
Suppose 4*j - 2*j - 2 = 0. Suppose 0 = -5*m - 4 - 16. Is (332/(-16))/(j/m) a prime number?
True
Let a(k) = -18*k + 35. Let b be a(-11). Suppose b = c - 186. Is c a prime number?
True
Suppose 3*g + g = -40. Let b = g - -14. Suppose -3*z = 5*a - 7*z - 51, -2*z + 20 = b*a. Is a prime?
True
Suppose -i - 14 = -3*v, 2*i + 2 = -4*v + 14. Let b be (-10 - -4)/((-2)/v). Let h = -5 + b. Is h composite?
False
Suppose -22*q + 52752 + 7594 = 0. Is q a composite number?
True
Suppose -3*u + 15 = -0*u. Let s = u + 7. Is (-381)/(-12)*s/3 a prime number?
True
Suppose -3*b + p = -3*p - 12492, -4164 = -b + 2*p. Suppose 0 = -40*c + 36*c + b. Is c prime?
False
Let p = 8274 - 5281. Suppose 2226 = z + 5*s, 5*z - 8115 = -3*s + p. Is z composite?
False
Suppose -p + 3*x + 4 = -3, 2*x = 3*p. Let i(h) = 0*h + 0*h + 2 - h**2 - 48*h**3. Is i(p) a composite number?
True
Let b = -3 - -11. Suppose 0 = 5*l - i - 16, 0*l + 2*l = 4*i - b. Suppose 0 = -w + 62 - l. Is w a composite number?
True
Let b = 36 - 9. Let y = b - 6. Is y composite?
True
Let y(k) = 22 - 59*k + 26*k + 0. Is y(-9) composite?
True
Let d be 3 + ((-14324)/(-4) - -1). Let l = -9 + 7. Is l/(-9) - d/(-27) a composite number?
True
Suppose 0 = -k + 648 + 5742. Suppose 2*r = -11*r. Suppose -4*d + 3*j + 5093 = r, -k = -6*d + d - j. Is d a prime number?
True
Let p(v) = 3*v**3 + 13*v**2 + 12*v + 34. Let d be p(-9). Let b = d + 2131. Is b a prime number?
False
Let b(f) = 5*f**2 + f + 1. Let t be b(-1). Let n be ((-15)/(-25))/(1/t). Suppose -n*j = -317 - 298. Is j a prime number?
False
Is (-80)/32*2 + 37688/2 composite?
False
Let w(f) be the first derivative of -f**4/4 + 7*f**3/3 + f**2/2 + 7*f + 1. Let q be -1 + 2 + -2 + 7. Is w(q) a prime number?
False
Suppose -6*p = x - 3*p, -p = 2*x - 15. Suppose 5*j = -5*b - 249 - 551, x = 3*b. Let m = j - -290. Is m a prime number?
True
Suppose 22*a - 221513 = -a. Is a a prime number?
True
Let j be (-2007)/(4 + 74/(-20)). Is (j/12)/(-5)*2 a composite number?
False
Is (-6*(-3)/12)/(6/30484) composite?
False
Let j be 9/6 + 1/2. Suppose j = 4*p - 6. Suppose 3*b = -k + 728, -4*k + p*k + 1489 = -5*b. Is k composite?
True
Let r be 2/(-8) + (3 - 30/8). Is (1413/(-9))/(1 + 2*r) prime?
True
Let i = -2518 + 5877. Is i a prime number?
True
Let f be -23*((-3)/3 + 186). Is (22/5)/((-46)/f) composite?
True
Let c be (2 - 1)/((-340)/50 - -7). Suppose -h + 4*h - 15 = 0. Suppose -c*r + 312 = -2*m, 0 = -4*m - m - h. Is r a composite number?
True
Let h(b) = 12*b + 2. Let s be -10*(-4)/8*1. Let u be h(s). Let i = 87 + u. Is i a prime number?
True
Suppose -5163 = -m - 2*a, 5317 = -5*m - 2*a + 31164. Is m a prime number?
True
Let n be 88/(-24)*6*-1. Let v = -4 + n. Suppose 805 = v*z - 13*z. Is z a composite number?
True
Let u = -337 + 1115. Let h(l) = 8*l**3 + 6*l**2 + 2*l + 7. Let m be h(5). Suppose -4*v = -2*w - 0*v + u, v = -3*w + m. Is w composite?
False
Suppose 285795 = 33*z - 190956. Is z a prime number?
True
Let k(w) = 12*w**3 - 12*w**2 + 15*w - 25. Is k(8) a composite number?
False
Suppose 0 = 4*c - 3*c + 54. Let z be (-6)/15 - c/10. Suppose 0 = g - z - 164. Is g a prime number?
False
Let t(k) = -3*k - 18. Let q be t(-8). Suppose -5 + q = c. Is ((-518)/(-4) - c)*2 prime?
True
Let v = -3326 - -4687. Is v prime?
True
Suppose 0 = -k + 188 + 307. Suppose -6*a + 3*a + k = 0. Suppose -s + 694 = a. Is s a composite number?
True
Let l be 2/13 + (-24)/(-13). Suppose -2*t + l*n - 6*n + 170 = 0, n = -2*t + 185. Is t prime?
False
Suppose 2*w + 8 = 4*o, 7*w + 8 = 5*w. Suppose o*h = 2*h - 822. Is h a prime number?
False
Let k(n) = -n**3 + 9*n**2 + 10*n - 1. Suppose 7*c = 3*c - 8. Let l = 11 + c. Is k(l) prime?
True
Let w be 8/2*(-1)/(-1). Suppose -w*t - 3*t = -2912. Suppose -3*l = 5*i - 1184, 2400 = 5*l + 3*i + t. Is l a composite number?
True
Suppose 8*o + 1914 = 5*o. Let d = -97 - o. Is d a prime number?
True
Suppose -6*p + 175 = -p - 5*a, 3*p = a + 105. Let r be 2/14 - (-23865)/p. Is (-1)/(1/r*-2) composite?
True
Suppose 0 = 1609*b - 1611*b + 13478. Is b a composite number?
True
Let s(z) = 5*z**2 + 22*z - 2. Let x be s(-9). Let w be x/(-20) + (-2)/(-8). Let r = 32 + w. Is r composite?
True
Suppose 19*u - 2*q - 94407 = 16*u, 0 = -5*u - 3*q + 157345. Is u composite?
False
Is -1*(5 - (1 + 48670/2)) prime?
False
Suppose -34 = -2*s - 3*l + 76, -4*s - 2*l + 236 = 0. Suppose -s*r = -65*r + 2836. Is r a prime number?
True
Let r be 0*(-4)/(-20) + -4. Is 1/(r + 1585/395) composite?
False
Suppose -7*k + 40775 = -106526. Is k a prime number?
False
Let d(f) = -1811*f + 28. Is d(-3) prime?
False
Let t(r) = 4052*r - 51. Is t(2) prime?
True
Let x(o) = o**3 + 4*o**2 + o - 7. Let q be x(-7). Let f = -96 - q. Is f a composite number?
True
Suppose -x - 5*b = 17 - 1, -49 = 4*x + 5*b. Let i(h) = -27*h - 8. Is i(x) a composite number?
True
Let j(l) be the first derivative of 21*l**2/2 + 19*l + 34. Is j(6) prime?
False
Suppose z = -z + 10. Suppose m + z*j + 0*j - 40 = 0, 3*j - 180 = -3*m. Is m prime?
False
Let l(q) = 3*q**2 - 15*q - 82. Let j be l(-5). Let n be (-4)/(-6) + (-190)/6. Let i = j + n. Is i